a
-104 (base 7) to base 3
-1222
Convert 13b1 (base 16) to base 11.
3873
6420 (base 9) to base 5
122331
Convert 13013 (base 6) to base 14.
9d7
Convert -302 (base 11) to base 6.
-1405
What is 12ab6 (base 13) in base 8?
103752
What is 30322230 (base 4) in base 7?
310152
-110011011001011 (base 2) to base 5
-1320230
Convert -443005 (base 6) to base 12.
-19465
-111011000 (base 2) to base 9
-574
-13177 (base 8) to base 4
-1121333
Convert 513010 (base 6) to base 5.
2301310
Convert 28448 (base 10) to base 8.
67440
-20022 (base 3) to base 2
-10101010
-1565 (base 10) to base 4
-120131
54334 (base 6) to base 10
7474
-3472 (base 9) to base 2
-101000010000
-53404 (base 6) to base 15
-2251
-2234044 (base 5) to base 13
-15212
Convert -1432 (base 5) to base 2.
-11110010
What is 554 (base 8) in base 2?
101101100
Convert 331 (base 5) to base 7.
160
Convert -13424 (base 6) to base 8.
-4070
What is -16070 (base 8) in base 11?
-5478
-1023221 (base 4) to base 11
-3701
-36343 (base 9) to base 11
-17317
Convert a62a (base 14) to base 5.
1404104
Convert -288 (base 11) to base 3.
-110112
-22231 (base 5) to base 10
-1566
Convert 13637 (base 9) to base 7.
36010
2290 (base 14) to base 9
8213
Convert -1425 (base 11) to base 5.
-24332
Convert -25c6 (base 14) to base 4.
-1213302
-9625 (base 12) to base 9
-24502
Convert c49 (base 16) to base 15.
dea
-222 (base 16) to base 3
-202020
Convert 158 (base 14) to base 12.
1aa
Convert -12631 (base 8) to base 14.
-202d
Convert -3313231 (base 4) to base 11.
-10a02
-3d (base 15) to base 14
-42
11100001000011 (base 2) to base 10
14403
What is 14623 (base 7) in base 5?
112314
What is a38 (base 14) in base 2?
11111011010
Convert 799b (base 13) to base 2.
100001010000100
What is -26490 (base 10) in base 6?
-322350
Convert 1536 (base 7) to base 3.
211210
Convert -4880 (base 11) to base 10.
-6380
-465 (base 14) to base 13
-522
-1ce (base 15) to base 3
-120112
What is 50705 (base 9) in base 16?
8261
Convert 2222110 (base 4) to base 9.
15851
Convert 7ddd (base 14) to base 15.
6786
10 (base 7) to base 15
7
What is -250 (base 7) in base 13?
-a3
What is -11544 (base 8) in base 6?
-34552
Convert -110001110101 (base 2) to base 6.
-22433
Convert -21232 (base 10) to base 13.
-9883
What is -15201 (base 10) in base 7?
-62214
What is -542 (base 14) in base 7?
-3012
-395 (base 16) to base 6
-4125
What is -5612 (base 7) in base 16?
-7e2
What is -101000001011011 (base 2) in base 6?
-235123
-773 (base 8) to base 9
-623
843 (base 10) to base 15
3b3
801 (base 9) to base 10
649
Convert 10101100101001101 (base 2) to base 4.
111211031
11001001 (base 2) to base 12
149
31212 (base 6) to base 5
113214
Convert -b71 (base 16) to base 6.
-21321
Convert 921 (base 10) to base 8.
1631
What is -2485 (base 10) in base 7?
-10150
-3320223 (base 5) to base 8
-160333
What is -582 (base 13) in base 15?
-436
Convert -50004 (base 6) to base 7.
-24622
Convert -1131 (base 8) to base 2.
-1001011001
5265 (base 8) to base 3
10202112
What is 3681 (base 9) in base 2?
101010111010
Convert 125451 (base 8) to base 16.
ab29
What is 588 (base 12) in base 2?
1100111000
Convert 2896 (base 12) to base 4.
1021302
-100100000000 (base 2) to base 6
-14400
What is 402241 (base 5) in base 12?
7505
What is -202121 (base 3) in base 7?
-1423
Convert 727 (base 13) to base 6.
5344
What is -100011100001111 (base 2) in base 13?
-8384
Convert -3235 (base 6) to base 2.
-1011100111
330212 (base 4) to base 2
111100100110
Convert -224 (base 12) to base 13.
-1b4
-2160 (base 8) to base 2
-10001110000
Convert -106 (base 12) to base 6.
-410
What is 918 (base 10) in base 15?
413
-3a (base 15) to base 4
-313
-1322333 (base 4) to base 12
-467b
5759 (base 12) to base 6
112553
Convert -98 (base 16) to base 6.
-412
What is -541 (base 12) in base 6?
-3321
Convert -3162 (base 12) to base 9.
-7362
Convert 971 (base 12) to base 5.
21011
Convert 13453 (base 6) to base 9.
2816
What is 24596 (base 10) in base 13?
b270
Convert -14b16 (base 14) to base 13.
-1a61a
What is 111001000111 (base 2) in base 15?
113a
What is -324 (base 15) in base 4?
-23011
What is -13652 (base 9) in base 10?
-9281
-7133 (base 8) to base 13
-1899
Convert 1102102212 (base 3) to base 7.
144461
13468 (base 9) to base 3
110112022
Convert -3463 (base 13) to base 11.
-5580
Convert 7178 (base 9) to base 4.
1102013
Convert 1579 (base 11) to base 2.
11111100110
What is -1111010111 (base 2) in base 15?
-458
-9ba9 (base 13) to base 11
-153a2
Convert 578 (base 9) to base 7.
1250
Convert 53c (base 16) to base 9.
1748
What is 4043 (base 5) in base 12?
377
What is 4a9 (base 12) in base 6?
3133
Convert -73 (base 8) to base 11.
-54
What is -971 (base 16) in base 7?
-10022
What is 130 (base 8) in base 3?
10021
What is -1016 (base 14) in base 10?
-2764
Convert 2275 (base 8) to base 7.
3352
474 (base 10) to base 5
3344
Convert -35f (base 16) to base 10.
-863
What is a5 (base 12) in base 13?
98
Convert 40151 (base 6) to base 11.
3a44
Convert 1000 (base 6) to base 5.
1331
Convert -2422 (base 7) to base 5.
-12043
What is 2233 (base 5) in base 10?
318
-10100000011001100 (base 2) to base 15
-194ee
Convert 26215 (base 7) to base 8.
15472
What is 2a22 (base 11) in base 2?
111100111000
Convert -2a1b (base 15) to base 8.
-21502
Convert 35711 (base 8) to base 9.
22885
What is -27a (base 15) in base 2?
-1000110101
What is -420043 (base 6) in base 12?
-17623
What is -423301 (base 5) in base 14?
-5265
Convert -102002030 (base 4) to base 16.
-1208c
-22121220 (base 3) to base 14
-2412
-1754 (base 9) to base 12
-941
What is -10d0d (base 14) in base 4?
-22000101
Convert 22222000 (base 3) to base 8.
14606
Convert 19631 (base 11) to base 8.
65364
What is -165 (base 15) in base 3?
-102212
What is -4073 (base 8) in base 15?
-957
329 (base 11) to base 8
612
Convert 1291 (base 13) to base 4.
221131
What is 5798 (base 10) in base 5?
141143
What is 101001101111 (base 2) in base 8?
5157
Convert -18393 (base 11) to base 16.
-649a
Convert -1010211100 (base 3) to base 14.
-8293
What is a16 (base 11) in base 9?
1613
-35430 (base 7) to base 12
-5353
What is -39861 (base 12) in base 14?
-20adb
274 (base 15) to base 13
340
What is 198 (base 15) in base 10?
368
-32022 (base 4) to base 5
-12111
Convert 21849 (base 10) to base 15.
6719
What is -16a4 (base 16) in base 15?
-1ab6
5510 (base 16) to base 5
1144101
Convert 12007 (base 10) to base 4.
2323213
Convert 2211210 (base 4) to base 9.
15473
-7723 (base 8) to base 11
-3053
Convert 25821 (base 11) to base 10.
36928
497 (base 10) to base 7
1310
What is -11210120 (base 4) in base 16?
-5918
-1103 (base 7) to base 16
-18b
-40b6 (base 12) to base 13
-3294
What is -11110110 (base 3) in base 12?
-1a70
What is -112101 (base 3) in base 15?
-1ad
-110313 (base 4) to base 9
-1743
1908 (base 10) to base 16
774
12072 (base 8) to base 7
21045
What is 4435 (base 7) in base 2?
11000111010
Convert 12150 (base 7) to base 8.
6143
-1a16 (base 11) to base 13
-121a
6de (base 15) to base 14
7d5
What is 222312 (base 4) in base 15?
c2c
Convert 1835 (base 9) to base 11.
1071
What is -54310 (base 6) in base 3?
-101020020
What is 23211 (base 6) in base 11?
2548
What is -381 (base 16) in base 15?
-3ec
Convert 320101 (base 4) to base 15.
1101
What is 1110011111101 (base 2) in base 13?
34bb
-1142242 (base 6) to base 13
-214b8
-494a (base 11) to base 9
-8775
-10001111010100 (base 2) to base 10
-9172
7d61 (base 16) to base 6
404333
What is -122011222 (base 3) in base 7?
-51344
What is 21a (base 14) in base 12?
2a8
221121220 (base 3) to base 5
1044211
What is -8707 (base 12) in base 11?
-10170
What is 44687 (base 10) in base 3?
2021022002
Convert -111010000010111 (base 2) to base 3.
-1111202201
Convert 2a26 (base 12) to base 13.
231c
Convert 35335 (base 7) to base 9.
13421
Convert -4003 (base 13) to base 8.
-21127
-3c7 (base 14) to base 4
-23323
12657 (base 8) to base 7
22120
What is 142670 (base 8) in base 13?
1a067
Convert -32 (base 5) to base 9.
-18
-2105 (base 8) to base 9
-1444
-76a (base 11) to base 16
-39b
-3942 (base 14) to base 13
-4765
What is -2998 (base 11) in base 3?
-12021220
What is -110 (base 3) in base 9?
-13
-9c2c (base 15) to base 9
-50376
What is -9269 (base 11) in base 8?
-30010
Convert -3a1 (base 12) to base 3.
-202111
-71d (base 15) to base 13
-964
What is -33642 (base